-1). Let k be 18/10 + (230/25 - 9). Let a(m) = -29*m**2 - 28*m**2 - 16*m**k + 58*m**2. Determine a(u).
-15
Let a(x) be the second derivative of -x**5/20 + x**4/2 - 7*x**3/6 + x**2/2 + 42*x - 18. Give a(5).
-9
Suppose -4*a + 0*a + 164 = -3*h, -3*a + h + 118 = 0. Suppose 5*w - a = 3*t, -3*w = 3*t - 0*w + 30. Let u(p) = -p**3 - 11*p**2 - 5. Calculate u(t).
-5
Let o(k) be the first derivative of k**4/4 + 13*k**3/3 + k**2/2 + 31*k + 8994. Calculate o(-13).
18
Let q(g) = -6*g + g**3 + 806 + 9*g**2 - 803 - 11*g**2. Let o(b) = 8 - 2 + 0*b - b - 2. Let j be o(0). Determine q(j).
11
Let m(x) = -19*x**2 - 118*x - 235. Let w(u) = -14*u**2 - 88*u - 177. Let h(n) = 8*m(n) - 11*w(n). Determine h(-3).
13
Let m(o) = 6*o**2 + 23*o - 5. Let l(u) = -4*u + u + 8 + 4*u**2 - 8*u**2 - 7 + 3*u**2. Let v(p) = 5*l(p) + m(p). What is v(-6)?
-12
Let q(x) = -2*x**3 + 2*x - 1. Let a(m) = 4*m**3 - 3*m + 2. Let t(l) = 3*a(l) + 5*q(l). Let h be (-1 - (-8 + 4 + 2))/(-1). Calculate t(h).
-2
Let h(a) be the second derivative of -a**4/6 + 19*a**3/6 + a**2/2 + 233*a - 2. Determine h(9).
10
Let p(x) = 3*x**2 - 4*x - 1. Let m = -600 - -593. Let b be (112/m)/4 + 7. Calculate p(b).
14
Let b(z) = 32*z - 3. Suppose -21 = 175*n + 56 + 98. Calculate b(n).
-35
Let o(g) = -50*g - 37. Let u(j) = -55*j - 46. Let f(s) = 5*o(s) - 4*u(s). Calculate f(1).
-31
Let b = -4511 + 4505. Let d(y) = -y**3 - 6*y**2 - 2*y + 10. Determine d(b).
22
Let p(d) be the third derivative of -d**4/24 + 7*d**3/6 + d**2. Let m be -5 - 10/((-80)/408). Suppose 5*u = h - 1, -4*h + 51*u = m*u - 19. Give p(h).
1
Suppose -12*m + 14 + 10 = 0. Let i(c) = -7*c**2 - 9*c - 5. Let n(l) = -3*l**2 - 4*l - 2. Let p(x) = m*i(x) - 5*n(x). Calculate p(-2).
0
Let r(t) = -t**3 + 3*t**2 + 3*t + 1. Let f(s) = 3*s**2 - 76*s - 59. Let l be f(27). Suppose -8 = -5*h + 2, 4*a + 284 = -2*h. Let d = a + l. Calculate r(d).
-3
Let w(y) = -1 + y + 7 - 3. Let o be w(-8). Let n(l) be the first derivative of l**4/4 + l**3 - 7*l**2/2 - l - 55. Give n(o).
-16
Let t(w) = w**3 + 2*w**2 - 2*w - 1. Let k be t(-3). Let d(c) = -2*c**2 + 3*c - 5. Let u(v) = -3*v**2 + 2*v - 4. Let i(p) = k*u(p) + 3*d(p). Give i(-1).
6
Let w(b) = -b + 9. Let n be 104/8 + 0 + -9 + 4 + -1. What is w(n)?
2
Let h(c) = 6*c - 42. Let t = -2606 - -2615. Give h(t).
12
Let o(b) = -b**3 - b**2 - 3*b - 4. Let r(h) = h**3 - 6*h**2 - 28*h + 144. Let m be r(7). Determine o(m).
23
Let o(s) = -s**3 - s**2 + 20*s + 1. Suppose -153*c + 288*c - 142*c + 28 = 0. Calculate o(c).
1
Let j(g) be the second derivative of -g**3/2 + 10*g**2 + 448*g. What is j(16)?
-28
Suppose -51 = -48*u + 45*u. Let r(i) = 24*i + 0*i**2 - i**2 - u*i + 4 + 2*i**2. What is r(-5)?
-6
Suppose -3*g = 3*f - 21, g + 4 = 3*g - 3*f. Suppose 18 = g*j - 14*j. Let m(u) = u**2 - u - 2. Determine m(j).
4
Let o(i) be the first derivative of -3*i**2/2 + 25*i - 50422. Suppose 4*x + 0*x - 44 = 0. Calculate o(x).
-8
Let p(l) = l**3 - 9*l**2 + l - 13. Let m(d) = 3*d**3 - 11*d + 12. Let j be m(3). Suppose j*u + 45 = 65*u. Determine p(u).
-4
Let l = -1083 - -1598. Let g = l + -511. Let t(m) = -2*m + 2. What is t(g)?
-6
Let r(n) = -2*n**3 - 7*n + 1 - 7*n**2 + n**3 + 0*n. Let k = -17995 + 17989. Give r(k).
7
Let y(z) be the second derivative of z**5/20 - z**4/12 - z**3/6 + 5*z**2/2 - 271*z. Determine y(-3).
-28
Let p(u) = -2*u**2 + u - 12. Let t(x) be the first derivative of -x**3 + x**2 - 23*x + 136. Let s(c) = -5*p(c) + 3*t(c). Determine s(0).
-9
Let w = 580 + -1133. Let s be -1*1 - -3*w/21. Let f = s - -80. Let c(j) = -j**3 + j**2 - j - 1. Give c(f).
-1
Let x(a) = 213*a + 47 + 209*a + 0 - 420*a - a**2. Calculate x(8).
-1
Let n(y) = y - 4*y + 5*y + 4*y. Suppose 4*k - 579 = -507. Suppose -5*p = p + k. Calculate n(p).
-18
Let p(f) = f + 69. Let h(v) = 2*v + 124. Let s(d) = -3*h(d) + 5*p(d). Give s(9).
-36
Let v be (0 - ((-15)/20 + 1))*-8. Let m(q) = 44 - 5*q**v + 3*q**2 - 6*q - 39. What is m(-5)?
-15
Let c(v) = -40*v**2 - 43*v**2 + 13*v - 3 - 8*v**3 - 38*v**2 + 131*v**2. Let k(d) = 7*d**3 - 9*d**2 - 11*d + 3. Let m(i) = -5*c(i) - 6*k(i). What is m(3)?
-18
Let o(p) = 118*p + 3365. Let i(n) = 283*n + 8069. Let s(k) = 12*i(k) - 29*o(k). Determine s(-29).
-3
Let a(g) = 6*g**2 - 2*g + 4*g**2 - 16*g**2 + 4*g**2 + 20 - 14 - 4*g. Let m be 1/(2/(-10) - 0). Give a(m).
-14
Let w(g) = 3*g + 6. Let k(d) = -d**3 - 8*d**2 + 6*d - 33. Let u = -189 - -180. Let r be k(u). Give w(r).
-12
Let b(h) = h**3 - 16*h**2 + 13*h + 37. Let x = -1902 - -1917. Determine b(x).
7
Let y(m) be the third derivative of 0*m**3 + m + 1/6*m**4 + 16*m**2 + 0. What is y(4)?
16
Let r(b) = -70*b + 133. Let o be r(2). Let a be ((-4)/(-5))/((-2)/(-10)). Let k(y) = -4*y + 2*y + 5 + 3 + a*y. Give k(o).
-6
Let p(q) = 2*q**3 + 2*q**2 - 1. Let d(m) = -7*m**3 - 3*m**2 + m - 7. Let y(f) = d(f) + 4*p(f). Let h be y(-4). Let u(i) = 4*i**3 - 2*i**2 + i. Calculate u(h).
3
Let j(x) = x**2 + 14. Let l(c) = 4*c - 6 - 15 - c. Let q be (-7*(-3)/(-4))/(4*45/(-240)). Let d be l(q). Give j(d).
14
Let d be 48/(-56)*14/(-4). Let h(t) = -t - 1. Let z(v) = -2*v - 2. Let m(o) = d*z(o) - 5*h(o). Suppose 2*q + 3 + 0 = -3*c, 0 = 2*q + 2*c + 4. Calculate m(q).
2
Let k(s) = s + 21. Suppose 3*l = -248 + 257. Suppose l*d - 51 + 116 = -4*q, d - 2*q = -5. Determine k(d).
6
Let p(c) = -4*c - 4456 + 8*c + 4466. Determine p(-6).
-14
Suppose 90 = -2*w - 5*w + 244. Let a(y) = y - 33. Calculate a(w).
-11
Let g(z) = 15429*z - 15 - 29 - 7698*z - 7715*z. Give g(3).
4
Let a = 6502 - 6491. Let i(h) = h - 12. Let m(w) = w - 11. Let u(t) = 4*i(t) - 5*m(t). Give u(a).
-4
Suppose 5*u - 17 = -697. Let q = u + 142. Let s(b) = 1 + q*b**2 + 33*b - 19*b - 15*b. Give s(1).
6
Suppose y = -15*l + 13*l + 9, 0 = -4*l + 3*y + 33. Let g(i) = i**2 - 2*i - 9. Determine g(l).
15
Let k(a) = -7*a + 132. Let j be k(18). Let z be 6 + (j/(-4))/(54/72). Let g(n) = n**2 - 5*n + 6. Determine g(z).
2
Let v(r) = -r**3 + 5*r**2 - 2. Suppose 55*p + 606 = 53*p + 103*p. Give v(p).
-38
Let c be ((-228)/(-36))/((-2)/(-30)). Suppose -60 = -5*x - c. Let i(y) = -y**3 - 8*y**2 - 8*y + 8. Calculate i(x).
15
Let z(f) be the first derivative of 10*f**3/3 + f**2 + f + 48. Let v be (-2 - 0)/2*1. Calculate z(v).
9
Let r be ((5 + -5)/(-4))/2. Suppose -12 = -2*i - r*f - 3*f, 4*i - 20 = -4*f. Let d(v) = -7 - 4*v + 7 + v - v**i + 4*v**2. Give d(3).
0
Let l(q) = 7*q**2 + 33*q + 58. Let g(c) = 9*c**2 + 37*c + 58. Let u(p) = -3*g(p) + 4*l(p). Give u(-17).
-10
Let t(x) = -x**3 - 6*x**2 - 3*x - 3. Suppose 30*b + 7*b = -9*b - 276. What is t(b)?
15
Let y(j) = j**3 - 9*j**2 + 7*j + 8. Suppose 1 - 9 = 8*m. Let a be (4/4 - 16)/m. Suppose 2*c - a = 1. Calculate y(c).
0
Let x(b) = b**3 - 5*b**2 - 6*b + 5. Let i = -70 - -59. Let h(d) = 3*d**2 + 30*d + 7. Let z be h(i). Let g be (15/z*-2)/(1/(-8)). Determine x(g).
5
Let b(s) = -14*s + 10. Let j be b(1). Let f(m) be the second derivative of m**4/12 + 7*m**3/6 + 2*m**2 - 6*m - 2. Give f(j).
-8
Let n(s) be the second derivative of -1/2*s**2 + 5/6*s**3 + 0 - 3*s + 1/3*s**4 - 1/20*s**5. Suppose m = 104 - 99. Determine n(m).
-1
Let j(y) = -7 + 118*y**2 + 15*y - 37*y**2 - y**3 - 35*y**2 - 41*y**2 - 6*y. Suppose -4*b = 4*r - 16, 2*r - 14 = -3*b - 0*b. Give j(b).
11
Suppose -235*i = -282*i + 94. Let m(u) = -8*u**3 + 3*u**2 - 5*u + 4. Calculate m(i).
-58
Let y(v) = 14*v + 140. Let q(i) = i**3 - 4*i**2 + 7*i - 22. Let b be q(3). Let x be y(b). Let n(r) = r + 11. Give n(x).
11
Let h(n) = -404*n - 21. Let z(j) = 1809*j + 83. Let a(y) = 9*h(y) + 2*z(y). Calculate a(1).
-41
Let v(n) = -n + 18. Let u be v(4). Suppose 0 = -4*m - 3*m - u. Let h(k) = k**3 + k**2 - 2*k - 3. Calculate h(m).
-3
Let n(s) = 11 + 2*s + 30*s - 40*s + 2*s**2. Let h be (-330)/(-60) + 1/(-2). Determine n(h).
21
Let l(h) = h**2 - 40*h + 242. Let b(a) = 273*a + 11200. Let m be b(-41). Calculate l(m).
11
Let q(d) = -4*d - 37. Suppose 1027 = -13*r + 884. Calculate q(r).
7
Let b(t) = 2*t**3 + 3*t**2 + 18*t + 13. Let q(l) = 7*l**3 + 8*l**2 + 63*l + 38. Let d(c) = -10*b(c) + 3*q(c). Determine d(5).
4
Suppose 0 = -m - 10*t + 11*t + 219, 4*t - 678 = -3*m. Let k(l) = m - 3*l**2 + 4*l**2 - l - 226. What is k(5)?
16
Let s(c) = -155 - 45*c + 445 - 145 - 177 + 5*c**2. Let v(j) = -j**2 + 9*j + 6. Let t(d) = -2*s(d) - 11*v(d). Calculate t(10).
8
Let d(x) = 7*x - 50. Suppose 9*f + 81*f - 509 = 391. Determ